{"id":3552,"date":"2025-09-15T08:05:43","date_gmt":"2025-09-15T08:05:43","guid":{"rendered":"https:\/\/new.cncnc.gov.md\/?page_id=3552"},"modified":"2025-09-15T08:11:33","modified_gmt":"2025-09-15T08:11:33","slug":"proiecte-in-moldova","status":"publish","type":"page","link":"https:\/\/new.cncnc.gov.md\/?page_id=3552","title":{"rendered":"Proiecte \u00een Moldova"},"content":{"rendered":"<p><em><strong><a href=\"https:\/\/new.cncnc.gov.md\/?attachment_id=3554\" rel=\"attachment wp-att-3554\">Program de \u021bar\u0103 pentru munc\u0103 decent\u0103 pentru anii 2025-2027<\/a><\/strong><\/em><\/p>\n<p><em><strong><a href=\"https:\/\/new.cncnc.gov.md\/?attachment_id=3556\" target=\"_blank\" rel=\"attachment noopener wp-att-3556\">Program de \u021bar\u0103 pentru munc\u0103 decent\u0103 pentru anii 2021-2024<\/a><\/strong><\/em><\/p>\n<p><em><strong><a href=\"https:\/\/new.cncnc.gov.md\/?attachment_id=3557\" target=\"_blank\" rel=\"attachment noopener wp-att-3557\">Program de \u021bar\u0103 pentru munc\u0103 decent\u0103 pentru anii 2016-2020<\/a><\/strong><\/em><\/p>\n<p><em><strong><a href=\"https:\/\/new.cncnc.gov.md\/?attachment_id=3558\" rel=\"attachment wp-att-3558\">Program de \u021bar\u0103 pentru munc\u0103 decent\u0103 pentru anii 2012-2015<\/a><\/strong><\/em><\/p>\n<p>&nbsp;<\/p>\n<p>&nbsp;<\/p>\n","protected":false},"excerpt":{"rendered":"<p>Program de \u021bar\u0103 pentru munc\u0103 decent\u0103 pentru anii 2025-2027 Program de \u021bar\u0103 pentru munc\u0103 decent\u0103 pentru anii 2021-2024 Program de \u021bar\u0103 pentru munc\u0103 decent\u0103 pentru anii 2016-2020 Program de \u021bar\u0103 pentru munc\u0103 decent\u0103 pentru anii 2012-2015 &nbsp; &nbsp;<\/p>\n","protected":false},"author":1,"featured_media":0,"parent":0,"menu_order":0,"comment_status":"closed","ping_status":"closed","template":"","meta":{"footnotes":""},"class_list":["post-3552","page","type-page","status-publish","hentry"],"blocksy_meta":[],"_links":{"self":[{"href":"https:\/\/new.cncnc.gov.md\/index.php?rest_route=\/wp\/v2\/pages\/3552","targetHints":{"allow":["GET"]}}],"collection":[{"href":"https:\/\/new.cncnc.gov.md\/index.php?rest_route=\/wp\/v2\/pages"}],"about":[{"href":"https:\/\/new.cncnc.gov.md\/index.php?rest_route=\/wp\/v2\/types\/page"}],"author":[{"embeddable":true,"href":"https:\/\/new.cncnc.gov.md\/index.php?rest_route=\/wp\/v2\/users\/1"}],"replies":[{"embeddable":true,"href":"https:\/\/new.cncnc.gov.md\/index.php?rest_route=%2Fwp%2Fv2%2Fcomments&post=3552"}],"version-history":[{"count":3,"href":"https:\/\/new.cncnc.gov.md\/index.php?rest_route=\/wp\/v2\/pages\/3552\/revisions"}],"predecessor-version":[{"id":3559,"href":"https:\/\/new.cncnc.gov.md\/index.php?rest_route=\/wp\/v2\/pages\/3552\/revisions\/3559"}],"wp:attachment":[{"href":"https:\/\/new.cncnc.gov.md\/index.php?rest_route=%2Fwp%2Fv2%2Fmedia&parent=3552"}],"curies":[{"name":"wp","href":"https:\/\/api.w.org\/{rel}","templated":true}]}}