{"id":3540,"date":"2025-09-15T07:52:49","date_gmt":"2025-09-15T07:52:49","guid":{"rendered":"https:\/\/new.cncnc.gov.md\/?page_id=3540"},"modified":"2025-09-15T08:01:25","modified_gmt":"2025-09-15T08:01:25","slug":"campanii-de-informare","status":"publish","type":"page","link":"https:\/\/new.cncnc.gov.md\/?page_id=3540","title":{"rendered":"Campanii de informare"},"content":{"rendered":"<p><em><strong>NU SALARIULUI \u00ceN PLIC<\/strong><\/em><\/p>\n<p><iframe loading=\"lazy\" title=\"Salariul in plic...\" width=\"1290\" height=\"726\" src=\"https:\/\/www.youtube.com\/embed\/VZzo2LTwmL0?feature=oembed\" frameborder=\"0\" allow=\"accelerometer; autoplay; clipboard-write; encrypted-media; gyroscope; picture-in-picture; web-share\" referrerpolicy=\"strict-origin-when-cross-origin\" allowfullscreen><\/iframe><\/p>\n<p><strong>ACHIT\u0102 CONTRIBU\u0162IA LA BUGETUL ASIGUR\u0102RILOR SOCIALE DE STAT!<\/strong><\/p>\n<p><iframe loading=\"lazy\" title=\"Incheie contract de munca!\" width=\"1290\" height=\"726\" src=\"https:\/\/www.youtube.com\/embed\/GGM7wrGwEMQ?feature=oembed\" frameborder=\"0\" allow=\"accelerometer; autoplay; clipboard-write; encrypted-media; gyroscope; picture-in-picture; web-share\" referrerpolicy=\"strict-origin-when-cross-origin\" allowfullscreen><\/iframe><\/p>\n<p><strong>\u00ceNCHEIE CONTRACTE DE MUNC\u0102 !<\/strong><\/p>\n<p><iframe loading=\"lazy\" title=\"Incheie contract de munca!\" width=\"1290\" height=\"726\" src=\"https:\/\/www.youtube.com\/embed\/GGM7wrGwEMQ?feature=oembed\" frameborder=\"0\" allow=\"accelerometer; autoplay; clipboard-write; encrypted-media; gyroscope; picture-in-picture; web-share\" referrerpolicy=\"strict-origin-when-cross-origin\" allowfullscreen><\/iframe><\/p>\n<p><strong>Spune nu Salariilor \u00een Plic !<\/strong><\/p>\n<p><a href=\"https:\/\/new.cncnc.gov.md\/?attachment_id=3543\" rel=\"attachment wp-att-3543\"><img loading=\"lazy\" decoding=\"async\" class=\"alignnone size-full wp-image-3543\" src=\"https:\/\/new.cncnc.gov.md\/wp-content\/uploads\/2025\/09\/Contributii-scaled.jpg\" alt=\"\" width=\"2560\" height=\"1831\" srcset=\"https:\/\/new.cncnc.gov.md\/wp-content\/uploads\/2025\/09\/Contributii-scaled.jpg 2560w, https:\/\/new.cncnc.gov.md\/wp-content\/uploads\/2025\/09\/Contributii-300x215.jpg 300w, https:\/\/new.cncnc.gov.md\/wp-content\/uploads\/2025\/09\/Contributii-1024x732.jpg 1024w, https:\/\/new.cncnc.gov.md\/wp-content\/uploads\/2025\/09\/Contributii-768x549.jpg 768w, https:\/\/new.cncnc.gov.md\/wp-content\/uploads\/2025\/09\/Contributii-1536x1099.jpg 1536w, https:\/\/new.cncnc.gov.md\/wp-content\/uploads\/2025\/09\/Contributii-2048x1465.jpg 2048w\" sizes=\"auto, (max-width: 2560px) 100vw, 2560px\" \/><\/a><\/p>\n","protected":false},"excerpt":{"rendered":"<p>NU SALARIULUI \u00ceN PLIC ACHIT\u0102 CONTRIBU\u0162IA LA BUGETUL ASIGUR\u0102RILOR SOCIALE DE STAT! \u00ceNCHEIE CONTRACTE DE MUNC\u0102 ! Spune nu Salariilor \u00een Plic !<\/p>\n","protected":false},"author":1,"featured_media":0,"parent":0,"menu_order":0,"comment_status":"closed","ping_status":"closed","template":"","meta":{"footnotes":""},"class_list":["post-3540","page","type-page","status-publish","hentry"],"blocksy_meta":[],"_links":{"self":[{"href":"https:\/\/new.cncnc.gov.md\/index.php?rest_route=\/wp\/v2\/pages\/3540","targetHints":{"allow":["GET"]}}],"collection":[{"href":"https:\/\/new.cncnc.gov.md\/index.php?rest_route=\/wp\/v2\/pages"}],"about":[{"href":"https:\/\/new.cncnc.gov.md\/index.php?rest_route=\/wp\/v2\/types\/page"}],"author":[{"embeddable":true,"href":"https:\/\/new.cncnc.gov.md\/index.php?rest_route=\/wp\/v2\/users\/1"}],"replies":[{"embeddable":true,"href":"https:\/\/new.cncnc.gov.md\/index.php?rest_route=%2Fwp%2Fv2%2Fcomments&post=3540"}],"version-history":[{"count":3,"href":"https:\/\/new.cncnc.gov.md\/index.php?rest_route=\/wp\/v2\/pages\/3540\/revisions"}],"predecessor-version":[{"id":3547,"href":"https:\/\/new.cncnc.gov.md\/index.php?rest_route=\/wp\/v2\/pages\/3540\/revisions\/3547"}],"wp:attachment":[{"href":"https:\/\/new.cncnc.gov.md\/index.php?rest_route=%2Fwp%2Fv2%2Fmedia&parent=3540"}],"curies":[{"name":"wp","href":"https:\/\/api.w.org\/{rel}","templated":true}]}}