{"id":3530,"date":"2025-09-15T07:39:25","date_gmt":"2025-09-15T07:39:25","guid":{"rendered":"https:\/\/new.cncnc.gov.md\/?page_id=3530"},"modified":"2025-09-15T07:50:50","modified_gmt":"2025-09-15T07:50:50","slug":"planuri-de-lucru-si-rapoarte","status":"publish","type":"page","link":"https:\/\/new.cncnc.gov.md\/?page_id=3530","title":{"rendered":"Planuri de lucru \u0219i rapoarte"},"content":{"rendered":"<p><a href=\"https:\/\/www.legis.md\/cautare\/getResults?doc_id=103278&amp;lang=ro%20\" target=\"_blank\" rel=\"noopener\"><em><strong>Hot\u0103r\u00eerea Guvernului nr. 477 din 28.06.2011 pentru aprobarea Planului de ac\u0163iuni privind minimizarea practiciide achitare a salariilor \u201e\u00een plic\u201d \u015fi \u201emuncii la negru\u201d<\/strong><\/em><\/a><\/p>\n<p><a href=\"https:\/\/ism.gov.md\/ro\/pagini\/raport-anual-13562\" target=\"_blank\" rel=\"noopener\"><em><strong>Rapoartele Inspectoratului de Stat al Muncii<\/strong><\/em><\/a><\/p>\n<p><em><strong><a href=\"https:\/\/new.cncnc.gov.md\/?attachment_id=3536\" target=\"_blank\" rel=\"attachment noopener wp-att-3536\">Propunerile Confedera\u0163iei Na\u0163ionale a Patronatului din Republica Moldova (CNPM) pentru combaterea fenomenului muncii nedeclarate \u015fi economiei informale<\/a><\/strong><\/em><\/p>\n<p><em><strong><a href=\"https:\/\/new.cncnc.gov.md\/?attachment_id=3537\" target=\"_blank\" rel=\"attachment noopener wp-att-3537\">Activit\u0103\u0163ile CNSM \u00een vederea realiz\u0103rii Planului de ac\u0163iuni privind minimizarea practicii de achitare a salariilor \u201e\u00een plic\u201d \u015fi \u201emuncii la negru\u201d, aprobat prin Hot\u0103r\u00eerea Guvernului nr. 477 din 28.06.2011 pe perioada anului 2015<\/a><\/strong><\/em><\/p>\n","protected":false},"excerpt":{"rendered":"<p>Hot\u0103r\u00eerea Guvernului nr. 477 din 28.06.2011 pentru aprobarea Planului de ac\u0163iuni privind minimizarea practiciide achitare a salariilor \u201e\u00een plic\u201d \u015fi \u201emuncii la negru\u201d Rapoartele Inspectoratului de Stat al Muncii Propunerile Confedera\u0163iei Na\u0163ionale a Patronatului din Republica Moldova (CNPM) pentru combaterea fenomenului muncii nedeclarate \u015fi economiei informale Activit\u0103\u0163ile CNSM \u00een vederea realiz\u0103rii Planului de ac\u0163iuni privind [&hellip;]<\/p>\n","protected":false},"author":1,"featured_media":0,"parent":0,"menu_order":0,"comment_status":"closed","ping_status":"closed","template":"","meta":{"footnotes":""},"class_list":["post-3530","page","type-page","status-publish","hentry"],"blocksy_meta":[],"_links":{"self":[{"href":"https:\/\/new.cncnc.gov.md\/index.php?rest_route=\/wp\/v2\/pages\/3530","targetHints":{"allow":["GET"]}}],"collection":[{"href":"https:\/\/new.cncnc.gov.md\/index.php?rest_route=\/wp\/v2\/pages"}],"about":[{"href":"https:\/\/new.cncnc.gov.md\/index.php?rest_route=\/wp\/v2\/types\/page"}],"author":[{"embeddable":true,"href":"https:\/\/new.cncnc.gov.md\/index.php?rest_route=\/wp\/v2\/users\/1"}],"replies":[{"embeddable":true,"href":"https:\/\/new.cncnc.gov.md\/index.php?rest_route=%2Fwp%2Fv2%2Fcomments&post=3530"}],"version-history":[{"count":5,"href":"https:\/\/new.cncnc.gov.md\/index.php?rest_route=\/wp\/v2\/pages\/3530\/revisions"}],"predecessor-version":[{"id":3539,"href":"https:\/\/new.cncnc.gov.md\/index.php?rest_route=\/wp\/v2\/pages\/3530\/revisions\/3539"}],"wp:attachment":[{"href":"https:\/\/new.cncnc.gov.md\/index.php?rest_route=%2Fwp%2Fv2%2Fmedia&parent=3530"}],"curies":[{"name":"wp","href":"https:\/\/api.w.org\/{rel}","templated":true}]}}