{"id":3389,"date":"2025-09-10T16:05:16","date_gmt":"2025-09-10T16:05:16","guid":{"rendered":"https:\/\/new.cncnc.gov.md\/?page_id=3389"},"modified":"2025-09-10T16:33:32","modified_gmt":"2025-09-10T16:33:32","slug":"intrebari-frecvente","status":"publish","type":"page","link":"https:\/\/new.cncnc.gov.md\/?page_id=3389","title":{"rendered":"\u00centreb\u0103ri Frecvente"},"content":{"rendered":"<details>\n<summary><span style=\"font-size: 20px;\"><strong>Cum se constituie o comisie tripartit\u0103?<\/strong><\/span><\/summary>\n<p><span style=\"font-size: 16px;\"> Comisia tripartit\u0103, la orice nivel, se consider\u0103 constituit\u0103 \u00een momentul \u00een care toate cele trei p\u0103r\u0163i, sindicatele, patronatele \u015fi administra\u0163ia public\u0103 central\u0103 sau local\u0103, dupa caz, \u015fi-au desemnat membrii. Nu este nevoie de emiterea unui act administrativ al autorit\u0103\u0163ii publice pentru constituirea comisiei.<\/span><\/p>\n<\/details>\n<details>\n<summary><span style=\"font-size: 20px;\"><strong>C\u00e2\u021bi membri are o comisie tripartit\u0103?<\/strong><\/span><\/summary>\n<p><span style=\"font-size: 16px;\"> Comisia na\u0163ional\u0103 pentru consult\u0103ri \u015fi necocieri colective are 18 membri \u015fi 12 membri suplean\u0163i, respectiv c\u00e2te 6 plus 4 membri din fiecare parte. Comisiile la nivel de ramur\u0103 \u015fi de teritoriu au 12 membri \u015fi 6 membri suplean\u0163i, c\u00e2te 4 plus 2 din fiecare parte.<\/span><\/p>\n<\/details>\n<details>\n<summary><span style=\"font-size: 20px;\"><strong>Cine asigur\u0103 pre\u0219eden\u021bia unei comisii tripartite?<\/strong><\/span><\/summary>\n<p><span style=\"font-size: 16px;\"> Pre\u015fedin\u0163ia unei comisii tripartite la toate nivelele este asigurat\u0103 de coordonatorul p\u0103r\u0163ii guvernamentale sau a administra\u0163iei publice locale, dup\u0103 caz, iar func\u0163ionarea \u015fi secretariatul comisiei e asigurat de c\u0103tre autoritatea public\u0103 central\u0103 sau local\u0103, dup\u0103 caz.<\/span><\/p>\n<\/details>\n<details>\n<summary><span style=\"font-size: 20px;\"><strong>De c\u00e2te ori pe an se \u00eent\u00eelnesc comisiile tripartite?<\/strong><\/span><\/summary>\n<p><span style=\"font-size: 16px;\"> Comisiile tripartite se \u00eentrunesc ori de c\u00e2te ori este nevoie, dar nu mai rar dec\u00e2t o dat\u0103 pe lun\u0103 la nivel na\u021bional \u0219i o dat\u0103 la dou\u0103 luni la nivel ramural \u0219i teritorial.<\/span><\/p>\n<\/details>\n<p style=\"text-align: left;\"><span style=\"font-size: 20px;\"><div class=\"wpforms-container \" id=\"wpforms-3161\"><form id=\"wpforms-form-3161\" class=\"wpforms-validate wpforms-form\" data-formid=\"3161\" method=\"post\" enctype=\"multipart\/form-data\" action=\"\/index.php?rest_route=%2Fwp%2Fv2%2Fpages%2F3389\" data-token=\"fbbafda2c986ccecd234f76e26fbedad\" data-token-time=\"1778967929\"><div class=\"wpforms-head-container\"><div class=\"wpforms-title\">Adreseaz\u0103 \u00eentrebarea<\/div><\/div><noscript class=\"wpforms-error-noscript\">Please enable JavaScript in your browser to complete this form.<\/noscript><div class=\"wpforms-field-container\"><div id=\"wpforms-3161-field_0-container\" class=\"wpforms-field wpforms-field-name\" data-field-id=\"0\"><label class=\"wpforms-field-label\" for=\"wpforms-3161-field_0\">Nume <span class=\"wpforms-required-label\">*<\/span><\/label><input type=\"text\" id=\"wpforms-3161-field_0\" class=\"wpforms-field-small wpforms-field-required\" name=\"wpforms[fields][0]\" required><\/div><div id=\"wpforms-3161-field_1-container\" class=\"wpforms-field wpforms-field-email\" data-field-id=\"1\"><label class=\"wpforms-field-label\" for=\"wpforms-3161-field_1\">Adresa de email <span class=\"wpforms-required-label\">*<\/span><\/label><input type=\"email\" id=\"wpforms-3161-field_1\" class=\"wpforms-field-small wpforms-field-required\" name=\"wpforms[fields][1]\" spellcheck=\"false\" required><\/div><div id=\"wpforms-3161-field_3-container\" class=\"wpforms-field wpforms-field-text\" data-field-id=\"3\"><label class=\"wpforms-field-label\" for=\"wpforms-3161-field_3\">Subiectul <span class=\"wpforms-required-label\">*<\/span><\/label><input type=\"text\" id=\"wpforms-3161-field_3\" class=\"wpforms-field-small wpforms-field-required\" name=\"wpforms[fields][3]\" required><\/div><div id=\"wpforms-3161-field_2-container\" class=\"wpforms-field wpforms-field-textarea\" data-field-id=\"2\"><label class=\"wpforms-field-label\" for=\"wpforms-3161-field_2\">Mesajul sau comentariul <span class=\"wpforms-required-label\">*<\/span><\/label><textarea id=\"wpforms-3161-field_2\" class=\"wpforms-field-small wpforms-field-required wpforms-limit-characters-enabled\" data-form-id=\"3161\" data-field-id=\"2\" data-text-limit=\"298\" name=\"wpforms[fields][2]\" maxlength=\"298\" required><\/textarea><\/div><\/div><!-- .wpforms-field-container --><div class=\"wpforms-field wpforms-field-hp\"><label for=\"wpforms-3161-field-hp\" class=\"wpforms-field-label\">Message<\/label><input type=\"text\" name=\"wpforms[hp]\" id=\"wpforms-3161-field-hp\" class=\"wpforms-field-medium\"><\/div><div class=\"wpforms-submit-container\" ><input type=\"hidden\" name=\"wpforms[id]\" value=\"3161\"><input type=\"hidden\" name=\"page_title\" value=\"\"><input type=\"hidden\" name=\"page_url\" value=\"https:\/\/new.cncnc.gov.md\/index.php?rest_route=\/wp\/v2\/pages\/3389\"><input type=\"hidden\" name=\"url_referer\" value=\"\"><button type=\"submit\" name=\"wpforms[submit]\" id=\"wpforms-submit-3161\" class=\"wpforms-submit\" data-alt-text=\"Sending...\" data-submit-text=\"Submit\" aria-live=\"assertive\" value=\"wpforms-submit\">Submit<\/button><\/div><\/form><\/div>  <!-- .wpforms-container --><\/span><\/p>\n","protected":false},"excerpt":{"rendered":"<p>Cum se constituie o comisie tripartit\u0103? Comisia tripartit\u0103, la orice nivel, se consider\u0103 constituit\u0103 \u00een momentul \u00een care toate cele trei p\u0103r\u0163i, sindicatele, patronatele \u015fi administra\u0163ia public\u0103 central\u0103 sau local\u0103, dupa caz, \u015fi-au desemnat membrii. Nu este nevoie de emiterea unui act administrativ al autorit\u0103\u0163ii publice pentru constituirea comisiei. C\u00e2\u021bi membri are o comisie tripartit\u0103? [&hellip;]<\/p>\n","protected":false},"author":1,"featured_media":0,"parent":0,"menu_order":0,"comment_status":"closed","ping_status":"closed","template":"","meta":{"footnotes":""},"class_list":["post-3389","page","type-page","status-publish","hentry"],"blocksy_meta":[],"_links":{"self":[{"href":"https:\/\/new.cncnc.gov.md\/index.php?rest_route=\/wp\/v2\/pages\/3389","targetHints":{"allow":["GET"]}}],"collection":[{"href":"https:\/\/new.cncnc.gov.md\/index.php?rest_route=\/wp\/v2\/pages"}],"about":[{"href":"https:\/\/new.cncnc.gov.md\/index.php?rest_route=\/wp\/v2\/types\/page"}],"author":[{"embeddable":true,"href":"https:\/\/new.cncnc.gov.md\/index.php?rest_route=\/wp\/v2\/users\/1"}],"replies":[{"embeddable":true,"href":"https:\/\/new.cncnc.gov.md\/index.php?rest_route=%2Fwp%2Fv2%2Fcomments&post=3389"}],"version-history":[{"count":20,"href":"https:\/\/new.cncnc.gov.md\/index.php?rest_route=\/wp\/v2\/pages\/3389\/revisions"}],"predecessor-version":[{"id":3411,"href":"https:\/\/new.cncnc.gov.md\/index.php?rest_route=\/wp\/v2\/pages\/3389\/revisions\/3411"}],"wp:attachment":[{"href":"https:\/\/new.cncnc.gov.md\/index.php?rest_route=%2Fwp%2Fv2%2Fmedia&parent=3389"}],"curies":[{"name":"wp","href":"https:\/\/api.w.org\/{rel}","templated":true}]}}