{"id":3290,"date":"2025-09-10T13:49:55","date_gmt":"2025-09-10T13:49:55","guid":{"rendered":"https:\/\/new.cncnc.gov.md\/?page_id=3290"},"modified":"2025-09-15T11:32:41","modified_gmt":"2025-09-15T11:32:41","slug":"despre-comisie","status":"publish","type":"page","link":"https:\/\/new.cncnc.gov.md\/?page_id=3290","title":{"rendered":"Despre Comisie"},"content":{"rendered":"<p>DESPRE COMISIE<\/p>\n<p>Comisia na\u0163ional\u0103 pentru consultari \u015fi negocieri colective este un organ tripartit autonom de interes public al parteneriatului social care se constituie pentru solu\u0163ionarea problemelor ce \u0163in de domeniul muncii \u015fi a problemelor social-economice, pentru dezvoltarea parteneriatului social la nivel na\u0163ional.<\/p>\n<p>Comisia na\u0163ional\u0103 are un rol consultativ \u00een elaborarea strategiilor \u015fi politicilor social-economice, \u00een aplanarea situa\u0163iilor conflictuale la nivel na\u0163ional dintre partenerii sociali.<br \/>\nObiectivele activit\u0103\u0163ii Comisiei na\u0163ionale sunt:<\/p>\n<p>a) consult\u0103rile tripartite \u00eentre partenerii sociali \u00een problemele ce \u0163in de domeniul muncii \u015fi \u00een problemele social-economice de interes na\u0163ional, promovarea parteneriatului social la toate nivelurile;<br \/>\nb) men\u0163inerea coeziunii, p\u0103cii \u015fi stabilit\u0103\u0163ii sociale pe teritoriul Republicii Moldova;<br \/>\nc) sus\u0163inerea particip\u0103rii societ\u0103\u0163ii civile la promovarea politicilor na\u0163ionale.<\/p>\n<p>Comisia na\u0163ional\u0103 este compus\u0103 din 18 membri \u015fi 12 membri suplean\u0163i, numi\u0163i pe un termen de 3 ani de partenerii sociali (Guvern, patronate \u015fi sindicate), dup\u0103 cum urmeaz\u0103:<br \/>\na) 6 membri \u015fi 4 membri suplean\u0163i, numi\u0163i de Guvern;<br \/>\nb) 6 membri \u015fi 4 membri suplean\u0163i, numi\u0163i \u00een comun de confedera\u0163iile patronatelor la nivel na\u0163ional;<br \/>\nc) 6 membri \u015fi 4 membri suplean\u0163i, numi\u0163i \u00een comun de confedera\u0163iile sindicatelor la nivel na\u0163ional.<\/p>\n<p>Comisia na\u0163ional\u0103 are urm\u0103toarele organe de lucru:<br \/>\na) biroul executiv;<br \/>\nb) pre\u015fedintele;<br \/>\nc) 2 vicepre\u015fedin\u0163i;<br \/>\nd) secretariatul;<br \/>\ne) consiliile de specialitate (permanente sau temporare).<\/p>\n<p>Comisia na\u0163ional\u0103 \u00ee\u015fi desf\u0103\u015foar\u0103 activitatea \u00een form\u0103 de \u015fedin\u0163e publice.<br \/>\n\u015eedin\u0163ele Comisiei na\u0163ionale se convoac\u0103 ori de c\u00eete ori este nevoie, conform planului de lucru, dar nu mai rar dec\u00eet o dat\u0103 pe lun\u0103.<br \/>\nDecizia de convocare \u00een \u015fedin\u0163\u0103 a Comisiei na\u0163ionale apar\u0163ine biroului ei executiv.<\/p>\n<p>Pentru validitatea deliber\u0103rilor \u015fedin\u0163ei Comisiei na\u0163ionale este necesar\u0103 prezen\u0163a a cel pu\u0163in 2\/3 din membrii ei \u015fi reprezentarea fiec\u0103rei p\u0103r\u0163i de c\u0103tre cel pu\u0163in 4 membri.<br \/>\nComisia na\u0163ional\u0103 adopt\u0103, \u00een limitele competen\u0163ei, hot\u0103r\u00eeri, de regul\u0103 prin consensul p\u0103r\u0163ilor sale.<br \/>\n\u00cen cazul \u00een care nu s-a ajuns la un consens, Comisia na\u021bional\u0103 poate adopta, cu majoritatea voturilor membrilor prezen\u021bi la \u0219edin\u021b\u0103, una dintre urm\u0103toarele hot\u0103r\u00e2ri privind chestiunile examinate:<br \/>\na) s\u0103 transfere chestiunea pentru examinare suplimentar\u0103 c\u0103tre unul dintre consiliile de specialitate (permanente sau temporare);<br \/>\nb) s\u0103 transfere chestiunea pentru examinare repetat\u0103 \u00een una dintre \u0219edin\u021bele urm\u0103toare ale Comisiei na\u021bionale;<br \/>\nc) s\u0103 resping\u0103 chestiunea, f\u0103r\u0103 examinare suplimentar\u0103.<br \/>\nAsigurarea financiar\u0103 \u015fi tehnico-material\u0103 a activit\u0103\u0163ii Comisiei na\u0163ionale se efectueaz\u0103 de la bugetul de stat.<\/p>\n","protected":false},"excerpt":{"rendered":"<p>DESPRE COMISIE Comisia na\u0163ional\u0103 pentru consultari \u015fi negocieri colective este un organ tripartit autonom de interes public al parteneriatului social care se constituie pentru solu\u0163ionarea problemelor ce \u0163in de domeniul muncii \u015fi a problemelor social-economice, pentru dezvoltarea parteneriatului social la nivel na\u0163ional. Comisia na\u0163ional\u0103 are un rol consultativ \u00een elaborarea strategiilor \u015fi politicilor social-economice, \u00een [&hellip;]<\/p>\n","protected":false},"author":1,"featured_media":0,"parent":0,"menu_order":0,"comment_status":"closed","ping_status":"closed","template":"","meta":{"footnotes":""},"class_list":["post-3290","page","type-page","status-publish","hentry"],"blocksy_meta":{"page_structure_type":"default","content_style_source":"inherit","vertical_spacing_source":"inherit","styles_descriptor":{"styles":{"desktop":"","tablet":"","mobile":""},"google_fonts":[],"version":6}},"_links":{"self":[{"href":"https:\/\/new.cncnc.gov.md\/index.php?rest_route=\/wp\/v2\/pages\/3290","targetHints":{"allow":["GET"]}}],"collection":[{"href":"https:\/\/new.cncnc.gov.md\/index.php?rest_route=\/wp\/v2\/pages"}],"about":[{"href":"https:\/\/new.cncnc.gov.md\/index.php?rest_route=\/wp\/v2\/types\/page"}],"author":[{"embeddable":true,"href":"https:\/\/new.cncnc.gov.md\/index.php?rest_route=\/wp\/v2\/users\/1"}],"replies":[{"embeddable":true,"href":"https:\/\/new.cncnc.gov.md\/index.php?rest_route=%2Fwp%2Fv2%2Fcomments&post=3290"}],"version-history":[{"count":3,"href":"https:\/\/new.cncnc.gov.md\/index.php?rest_route=\/wp\/v2\/pages\/3290\/revisions"}],"predecessor-version":[{"id":3299,"href":"https:\/\/new.cncnc.gov.md\/index.php?rest_route=\/wp\/v2\/pages\/3290\/revisions\/3299"}],"wp:attachment":[{"href":"https:\/\/new.cncnc.gov.md\/index.php?rest_route=%2Fwp%2Fv2%2Fmedia&parent=3290"}],"curies":[{"name":"wp","href":"https:\/\/api.w.org\/{rel}","templated":true}]}}